[INFO] fetching crate sunshine-faucet-cli 0.2.1...
[INFO] checking sunshine-faucet-cli-0.2.1 against master#cfbc6d4cf1acbac5c025acf8ed68929caa551df3 for pr-75494-beta
[INFO] extracting crate sunshine-faucet-cli 0.2.1 into /workspace/builds/worker-2/source
[INFO] validating manifest of crates.io crate sunshine-faucet-cli 0.2.1 on toolchain cfbc6d4cf1acbac5c025acf8ed68929caa551df3
[INFO] running `Command { std: "/workspace/cargo-home/bin/cargo" "+cfbc6d4cf1acbac5c025acf8ed68929caa551df3" "read-manifest" "--manifest-path" "Cargo.toml", kill_on_drop: false }`
[INFO] started tweaking crates.io crate sunshine-faucet-cli 0.2.1
[INFO] finished tweaking crates.io crate sunshine-faucet-cli 0.2.1
[INFO] tweaked toml for crates.io crate sunshine-faucet-cli 0.2.1 written to /workspace/builds/worker-2/source/Cargo.toml
[INFO] running `Command { std: "/workspace/cargo-home/bin/cargo" "+cfbc6d4cf1acbac5c025acf8ed68929caa551df3" "generate-lockfile" "--manifest-path" "Cargo.toml" "-Zno-index-update", kill_on_drop: false }`
[INFO] running `Command { std: "/workspace/cargo-home/bin/cargo" "+cfbc6d4cf1acbac5c025acf8ed68929caa551df3" "fetch" "--locked" "--manifest-path" "Cargo.toml", kill_on_drop: false }`
[INFO] [stderr]  Downloading crates ...
[INFO] [stderr]   Downloaded sunshine-identity-client v0.2.2
[INFO] running `Command { std: "docker" "create" "-v" "/var/lib/crater-agent-workspace/builds/worker-2/target:/opt/rustwide/target:rw,Z" "-v" "/var/lib/crater-agent-workspace/builds/worker-2/source:/opt/rustwide/workdir:ro,Z" "-v" "/var/lib/crater-agent-workspace/cargo-home:/opt/rustwide/cargo-home:ro,Z" "-v" "/var/lib/crater-agent-workspace/rustup-home:/opt/rustwide/rustup-home:ro,Z" "-e" "SOURCE_DIR=/opt/rustwide/workdir" "-e" "CARGO_TARGET_DIR=/opt/rustwide/target" "-e" "CARGO_HOME=/opt/rustwide/cargo-home" "-e" "RUSTUP_HOME=/opt/rustwide/rustup-home" "-w" "/opt/rustwide/workdir" "-m" "1610612736" "--user" "0:0" "--network" "none" "rustops/crates-build-env@sha256:a636fd89d022f18117e1dc8fb37a0a009933cdbbe082814857f0e2024962d47c" "/opt/rustwide/cargo-home/bin/cargo" "+cfbc6d4cf1acbac5c025acf8ed68929caa551df3" "metadata" "--no-deps" "--format-version=1", kill_on_drop: false }`
[INFO] [stdout] 51080d8a8a90825bcc32d3683a7da008cec7ff2a8d24266ca015dd75a8765e5b
[INFO] [stderr] WARNING: Your kernel does not support swap limit capabilities or the cgroup is not mounted. Memory limited without swap.
[INFO] running `Command { std: "docker" "start" "-a" "51080d8a8a90825bcc32d3683a7da008cec7ff2a8d24266ca015dd75a8765e5b", kill_on_drop: false }`
[INFO] running `Command { std: "docker" "inspect" "51080d8a8a90825bcc32d3683a7da008cec7ff2a8d24266ca015dd75a8765e5b", kill_on_drop: false }`
[INFO] running `Command { std: "docker" "rm" "-f" "51080d8a8a90825bcc32d3683a7da008cec7ff2a8d24266ca015dd75a8765e5b", kill_on_drop: false }`
[INFO] [stdout] 51080d8a8a90825bcc32d3683a7da008cec7ff2a8d24266ca015dd75a8765e5b
[INFO] running `Command { std: "docker" "create" "-v" "/var/lib/crater-agent-workspace/builds/worker-2/target:/opt/rustwide/target:rw,Z" "-v" "/var/lib/crater-agent-workspace/builds/worker-2/source:/opt/rustwide/workdir:ro,Z" "-v" "/var/lib/crater-agent-workspace/cargo-home:/opt/rustwide/cargo-home:ro,Z" "-v" "/var/lib/crater-agent-workspace/rustup-home:/opt/rustwide/rustup-home:ro,Z" "-e" "SOURCE_DIR=/opt/rustwide/workdir" "-e" "CARGO_TARGET_DIR=/opt/rustwide/target" "-e" "CARGO_INCREMENTAL=0" "-e" "RUST_BACKTRACE=full" "-e" "RUSTFLAGS=--cap-lints=forbid" "-e" "CARGO_HOME=/opt/rustwide/cargo-home" "-e" "RUSTUP_HOME=/opt/rustwide/rustup-home" "-w" "/opt/rustwide/workdir" "-m" "1610612736" "--user" "0:0" "--network" "none" "rustops/crates-build-env@sha256:a636fd89d022f18117e1dc8fb37a0a009933cdbbe082814857f0e2024962d47c" "/opt/rustwide/cargo-home/bin/cargo" "+cfbc6d4cf1acbac5c025acf8ed68929caa551df3" "check" "--frozen" "--all" "--all-targets" "--message-format=json", kill_on_drop: false }`
[INFO] [stdout] 5111e8bb11ed73c5fab233ac08e2cd1bbed9254bd9f504d258948a8ac7719fa0
[INFO] [stderr] WARNING: Your kernel does not support swap limit capabilities or the cgroup is not mounted. Memory limited without swap.
[INFO] running `Command { std: "docker" "start" "-a" "5111e8bb11ed73c5fab233ac08e2cd1bbed9254bd9f504d258948a8ac7719fa0", kill_on_drop: false }`
[INFO] [stderr]    Compiling byteorder v1.3.4
[INFO] [stderr]    Compiling semver-parser v0.7.0
[INFO] [stderr]    Compiling cfg-if v0.1.10
[INFO] [stderr]     Checking itoa v0.4.6
[INFO] [stderr]     Checking spin v0.5.2
[INFO] [stderr]     Checking hex v0.4.2
[INFO] [stderr]     Checking bytes v0.5.6
[INFO] [stderr]     Checking data-encoding v2.3.0
[INFO] [stderr]    Compiling either v1.6.0
[INFO] [stderr]     Checking percent-encoding v2.1.0
[INFO] [stderr]    Compiling remove_dir_all v0.5.3
[INFO] [stderr]     Checking futures-timer v2.0.2
[INFO] [stderr]    Compiling protobuf v2.17.0
[INFO] [stderr]     Checking try-lock v0.2.3
[INFO] [stderr]     Checking void v1.0.2
[INFO] [stderr]    Compiling prometheus v0.8.0
[INFO] [stderr]     Checking unsigned-varint v0.3.3
[INFO] [stderr]     Checking base64 v0.12.3
[INFO] [stderr]     Checking os_str_bytes v2.3.2
[INFO] [stderr]     Checking vec_map v0.8.2
[INFO] [stderr]     Checking strsim v0.10.0
[INFO] [stderr]    Compiling hashbrown v0.8.2
[INFO] [stderr]    Compiling indexmap v1.5.1
[INFO] [stderr]    Compiling hashbrown v0.7.2
[INFO] [stderr]    Compiling proc-macro-error-attr v1.0.4
[INFO] [stderr]    Compiling unicase v2.6.0
[INFO] [stderr]    Compiling proc-macro-error v1.0.4
[INFO] [stderr]    Compiling proc-macro-error-attr v0.4.12
[INFO] [stderr]    Compiling proc-macro-error v0.4.12
[INFO] [stderr]     Checking futures-channel v0.3.5
[INFO] [stderr]    Compiling ring v0.16.15
[INFO] [stderr]    Compiling blake3 v0.3.6
[INFO] [stderr]     Checking bitvec v0.17.4
[INFO] [stderr]     Checking blake2s_simd v0.5.10
[INFO] [stderr]     Checking blake2b_simd v0.5.10
[INFO] [stderr]     Checking itertools v0.9.0
[INFO] [stderr]    Compiling hashbrown v0.6.3
[INFO] [stderr]     Checking lock_api v0.1.5
[INFO] [stderr]     Checking qstring v0.7.2
[INFO] [stderr]    Compiling libc v0.2.76
[INFO] [stderr]    Compiling itertools v0.8.2
[INFO] [stderr]    Compiling semver v0.9.0
[INFO] [stderr]     Checking log v0.4.11
[INFO] [stderr]     Checking http v0.2.1
[INFO] [stderr]     Checking idna v0.2.0
[INFO] [stderr]    Compiling anyhow v1.0.32
[INFO] [stderr]     Checking net2 v0.2.34
[INFO] [stderr]     Checking async-task v1.3.1
[INFO] [stderr]     Checking socket2 v0.3.12
[INFO] [stderr]     Checking bstr v0.2.13
[INFO] [stderr]     Checking smallvec v0.6.13
[INFO] [stderr]    Compiling rustc_version v0.2.3
[INFO] [stderr]     Checking sp-panic-handler v2.0.0-rc6
[INFO] [stderr]     Checking kv-log-macro v1.0.7
[INFO] [stderr]     Checking want v0.3.0
[INFO] [stderr]     Checking crossbeam-channel v0.4.3
[INFO] [stderr]     Checking block-buffer v0.9.0
[INFO] [stderr]     Checking crypto-mac v0.8.0
[INFO] [stderr]     Checking mio v0.6.22
[INFO] [stderr]    Compiling syn-mid v0.5.0
[INFO] [stderr]    Compiling thiserror-impl v1.0.20
[INFO] [stderr]    Compiling async-attributes v1.1.1
[INFO] [stderr]    Compiling asn1_der_derive v0.1.2
[INFO] [stderr]    Compiling libp2p-core-derive v0.19.1
[INFO] [stderr]    Compiling strum_macros v0.16.0
[INFO] [stderr]    Compiling async-trait v0.1.38
[INFO] [stderr]    Compiling getrandom v0.1.14
[INFO] [stderr]    Compiling which v3.1.1
[INFO] [stderr]     Checking url v2.1.1
[INFO] [stderr]     Checking num-bigint v0.2.6
[INFO] [stderr]     Checking sha2 v0.9.1
[INFO] [stderr]     Checking sha3 v0.9.1
[INFO] [stderr]     Checking sha-1 v0.9.1
[INFO] [stderr]    Compiling libipld-cbor-derive v0.3.0
[INFO] [stderr]     Checking trie-db v0.22.1
[INFO] [stderr]     Checking tracing v0.1.19
[INFO] [stderr]     Checking globset v0.4.5
[INFO] [stderr]    Compiling parking_lot_core v0.6.2
[INFO] [stderr]    Compiling parking_lot v0.9.0
[INFO] [stderr]    Compiling parking_lot_core v0.4.0
[INFO] [stderr]    Compiling prost-derive v0.6.1
[INFO] [stderr]     Checking block-buffer v0.7.3
[INFO] [stderr]     Checking uint v0.8.5
[INFO] [stderr]     Checking base64 v0.10.1
[INFO] [stderr]     Checking hashbrown v0.1.8
[INFO] [stderr]     Checking strobe-rs v0.5.4
[INFO] [stderr]    Compiling rand_core v0.5.1
[INFO] [stderr]     Checking futures-task v0.3.5
[INFO] [stderr]     Checking cached v0.12.0
[INFO] [stderr]    Compiling const-random-macro v0.1.8
[INFO] [stderr]    Compiling jsonrpsee-proc-macros v0.1.0
[INFO] [stderr]    Compiling prost-build v0.6.1
[INFO] [stderr]     Checking zeroize v1.1.0
[INFO] [stderr]    Compiling data-encoding-macro-internal v0.1.8
[INFO] [stderr]     Checking serde_json v1.0.57
[INFO] [stderr]     Checking mio-uds v0.6.8
[INFO] [stderr]     Checking tokio v0.2.22
[INFO] [stderr]     Checking sp-tracing v2.0.0-rc6
[INFO] [stderr]     Checking multihash v0.11.3
[INFO] [stderr]     Checking asn1_der v0.6.3
[INFO] [stderr]     Checking http-body v0.3.1
[INFO] [stderr]     Checking sha2 v0.8.2
[INFO] [stderr]    Compiling petgraph v0.5.1
[INFO] [stderr]     Checking futures-util v0.3.5
[INFO] [stderr]     Checking fixed-hash v0.6.1
[INFO] [stderr]     Checking fail v0.4.0
[INFO] [stderr]     Checking rayon v1.3.1
[INFO] [stderr]    Compiling rand_chacha v0.2.2
[INFO] [stderr]    Compiling rand_pcg v0.2.1
[INFO] [stderr]     Checking num-rational v0.2.4
[INFO] [stderr]     Checking curve25519-dalek v3.0.0
[INFO] [stderr]     Checking merlin v2.0.0
[INFO] [stderr]     Checking curve25519-dalek v2.1.0
[INFO] [stderr]     Checking secrecy v0.6.0
[INFO] [stderr]     Checking secrecy v0.7.0
[INFO] [stderr]     Checking const-random v0.1.8
[INFO] [stderr]     Checking parity-multiaddr v0.9.1
[INFO] [stderr]     Checking libsecp256k1 v0.3.5
[INFO] [stderr]     Checking thiserror v1.0.20
[INFO] [stderr]     Checking strum v0.16.0
[INFO] [stderr]    Compiling rand v0.7.3
[INFO] [stderr]     Checking webpki v0.21.3
[INFO] [stderr]     Checking sct v0.6.0
[INFO] [stderr]     Checking data-encoding-macro v0.1.8
[INFO] [stderr]    Compiling jsonrpc-derive v14.2.1
[INFO] [stderr]    Compiling substrate-subxt-proc-macro v0.9.0
[INFO] [stderr]     Checking wasmi v0.6.2
[INFO] [stderr]     Checking ahash v0.2.18
[INFO] [stderr]     Checking prometheus v0.9.0
[INFO] [stderr]     Checking jsonrpc-core v14.2.0
[INFO] [stderr]     Checking sp-chain-spec v2.0.0-rc6
[INFO] [stderr]     Checking multibase v0.8.0
[INFO] [stderr]     Checking parity-scale-codec v1.3.4
[INFO] [stderr]     Checking parking_lot v0.7.1
[INFO] [stderr]     Checking ed25519-dalek v1.0.0
[INFO] [stderr]     Checking rustls v0.16.0
[INFO] [stderr]     Checking webpki-roots v0.17.0
[INFO] [stderr]     Checking webpki-roots v0.20.0
[INFO] [stderr]     Checking rustls v0.18.1
[INFO] [stderr]     Checking schnorrkel v0.9.1
[INFO] [stderr]    Compiling clap_derive v3.0.0-beta.1
[INFO] [stderr]     Checking cid v0.5.1
[INFO] [stderr]     Checking jsonrpc-pubsub v14.2.0
[INFO] [stderr]    Compiling tempfile v3.1.0
[INFO] [stderr]     Checking once_cell v0.1.8
[INFO] [stderr]    Compiling prost v0.6.1
[INFO] [stderr]     Checking tokio-util v0.3.1
[INFO] [stderr]     Checking libipld-core v0.3.1
[INFO] [stderr]     Checking lru v0.4.3
[INFO] [stderr]     Checking pbkdf2 v0.3.0
[INFO] [stderr]     Checking libipld-json v0.3.0
[INFO] [stderr]     Checking libipld-cbor v0.3.0
[INFO] [stderr]     Checking libipld-macro v0.3.0
[INFO] [stderr]    Compiling prost-types v0.6.1
[INFO] [stderr]     Checking jsonrpc-client-transports v14.2.1
[INFO] [stderr]     Checking substrate-bip39 v0.4.1
[INFO] [stderr]     Checking tiny-bip39 v0.7.3
[INFO] [stderr]     Checking bip39 v0.6.0-beta.1
[INFO] [stderr]     Checking jsonrpc-core-client v14.2.0
[INFO] [stderr]     Checking ureq v1.4.0
[INFO] [stderr]     Checking futures-executor v0.3.5
[INFO] [stderr]     Checking broadcaster v1.0.0
[INFO] [stderr]     Checking h2 v0.2.6
[INFO] [stderr]     Checking futures v0.3.5
[INFO] [stderr]     Checking async-std v1.5.0
[INFO] [stderr]     Checking clap v3.0.0-beta.1
[INFO] [stderr]     Checking rw-stream-sink v0.2.1
[INFO] [stderr]     Checking multistream-select v0.8.2
[INFO] [stderr]     Checking wasm-timer v0.2.4
[INFO] [stderr]     Checking sp-utils v2.0.0-rc6
[INFO] [stderr]     Checking soketto v0.3.2
[INFO] [stderr]     Checking async-tls v0.6.0
[INFO] [stderr]     Checking impl-codec v0.4.2
[INFO] [stderr]     Checking sp-storage v2.0.0-rc6
[INFO] [stderr]     Checking sp-wasm-interface v2.0.0-rc6
[INFO] [stderr]     Checking sp-arithmetic v2.0.0-rc6
[INFO] [stderr]    Compiling libp2p-core v0.19.2
[INFO] [stderr]     Checking primitive-types v0.7.2
[INFO] [stderr]     Checking sp-externalities v0.8.0-rc6
[INFO] [stderr]     Checking parity-util-mem v0.7.0
[INFO] [stderr]     Checking sp-runtime-interface v2.0.0-rc6
[INFO] [stderr]     Checking libipld v0.3.1
[INFO] [stderr]     Checking keybase-keystore v0.2.0
[INFO] [stderr]     Checking memory-db v0.24.1
[INFO] [stdout] error[E0599]: no method named `sign` found for struct `ed25519_dalek::Keypair` in the current scope
[INFO] [stdout]   --> /opt/rustwide/cargo-home/registry/src/github.com-1ecc6299db9ec823/libp2p-core-0.19.2/src/identity/ed25519.rs:55:16
[INFO] [stdout]    |
[INFO] [stdout] 55 |         self.0.sign(msg).to_bytes().to_vec()
[INFO] [stdout]    |                ^^^^ method not found in `ed25519_dalek::Keypair`
[INFO] [stdout]    |
[INFO] [stdout]    = help: items from traits can only be used if the trait is in scope
[INFO] [stdout]    = note: the following trait is implemented but not in scope; perhaps add a `use` for it:
[INFO] [stdout]            `use ed25519_dalek::Signer;`
[INFO] [stdout] 
[INFO] [stdout] 
[INFO] [stdout] error[E0599]: no function or associated item named `from_bytes` found for struct `ed25519_dalek::Signature` in the current scope
[INFO] [stdout]    --> /opt/rustwide/cargo-home/registry/src/github.com-1ecc6299db9ec823/libp2p-core-0.19.2/src/identity/ed25519.rs:110:29
[INFO] [stdout]     |
[INFO] [stdout] 110 |         ed25519::Signature::from_bytes(sig).and_then(|s| self.0.verify(msg, &s)).is_ok()
[INFO] [stdout]     |                             ^^^^^^^^^^
[INFO] [stdout]     |                             |
[INFO] [stdout]     |                             function or associated item not found in `ed25519_dalek::Signature`
[INFO] [stdout]     |                             help: there is an associated function with a similar name: `to_bytes`
[INFO] [stdout]     |
[INFO] [stdout]     = help: items from traits can only be used if the trait is in scope
[INFO] [stdout]     = note: the following trait is implemented but not in scope; perhaps add a `use` for it:
[INFO] [stdout]             `use ed25519_dalek::ed25519::signature::Signature;`
[INFO] [stdout] 
[INFO] [stdout] 
[INFO] [stdout] error[E0599]: no method named `verify` found for struct `ed25519_dalek::PublicKey` in the current scope
[INFO] [stdout]    --> /opt/rustwide/cargo-home/registry/src/github.com-1ecc6299db9ec823/libp2p-core-0.19.2/src/identity/ed25519.rs:110:65
[INFO] [stdout]     |
[INFO] [stdout] 110 |         ed25519::Signature::from_bytes(sig).and_then(|s| self.0.verify(msg, &s)).is_ok()
[INFO] [stdout]     |                                                                 ^^^^^^ method not found in `ed25519_dalek::PublicKey`
[INFO] [stdout]     |
[INFO] [stdout]     = help: items from traits can only be used if the trait is in scope
[INFO] [stdout]     = note: the following trait is implemented but not in scope; perhaps add a `use` for it:
[INFO] [stdout]             `use ed25519_dalek::Verifier;`
[INFO] [stdout] 
[INFO] [stdout] 
[INFO] [stderr]     Checking hyper v0.13.7
[INFO] [stdout] error: aborting due to 3 previous errors
[INFO] [stdout] 
[INFO] [stdout] 
[INFO] [stdout] For more information about this error, try `rustc --explain E0599`.
[INFO] [stdout] 
[INFO] [stderr] error: could not compile `libp2p-core`.
[INFO] [stderr] 
[INFO] [stderr] To learn more, run the command again with --verbose.
[INFO] [stderr] warning: build failed, waiting for other jobs to finish...
[INFO] [stderr] error: build failed
[INFO] running `Command { std: "docker" "inspect" "5111e8bb11ed73c5fab233ac08e2cd1bbed9254bd9f504d258948a8ac7719fa0", kill_on_drop: false }`
[INFO] running `Command { std: "docker" "rm" "-f" "5111e8bb11ed73c5fab233ac08e2cd1bbed9254bd9f504d258948a8ac7719fa0", kill_on_drop: false }`
[INFO] [stdout] 5111e8bb11ed73c5fab233ac08e2cd1bbed9254bd9f504d258948a8ac7719fa0
